alse
Is 23927 a prime number?
False
Is 121763 a composite number?
False
Is 222959 composite?
True
Is 35467 prime?
False
Is 9091 composite?
False
Is 48947 a composite number?
False
Is 93169 prime?
True
Is 16811 a prime number?
True
Is 19657 prime?
False
Is 2371 a prime number?
True
Is 150463 a prime number?
False
Is 260153 composite?
True
Is 91207 a composite number?
True
Is 1649 a prime number?
False
Is 83023 prime?
True
Is 18119 composite?
False
Is 1385 a composite number?
True
Is 38879 composite?
True
Is 623 a prime number?
False
Is 648473 a prime number?
False
Is 143331 a composite number?
True
Is 4861 a composite number?
False
Is 598233 a prime number?
False
Is 1097 a prime number?
True
Is 4265207 prime?
True
Is 106383 composite?
True
Is 22949 prime?
False
Is 14741 a prime number?
True
Is 8316337 composite?
False
Is 42101 composite?
False
Is 9487 a composite number?
True
Is 59063 a composite number?
False
Is 443757 composite?
True
Is 19069 composite?
False
Is 103451 composite?
False
Is 70051 composite?
False
Is 3713 prime?
False
Is 15791 a prime number?
True
Is 6433 composite?
True
Is 948749 prime?
True
Is 47723 composite?
True
Is 17859 composite?
True
Is 410867 prime?
False
Is 59918 composite?
True
Is 5039 a prime number?
True
Is 3419 composite?
True
Is 20063 composite?
False
Is 97673 prime?
True
Is 99861 a prime number?
False
Is 225241 a composite number?
False
Is 4471477 a composite number?
False
Is 2479 composite?
True
Is 130423 a composite number?
False
Is 38146 prime?
False
Is 47473 composite?
True
Is 77093 a composite number?
False
Is 343261 a prime number?
True
Is 7899 a prime number?
False
Is 18341 prime?
True
Is 31163 a prime number?
False
Is 34043 a composite number?
True
Is 48847 a composite number?
False
Is 58631 composite?
False
Is 6767 composite?
True
Is 191519 a composite number?
False
Is 1893 prime?
False
Is 3287 prime?
False
Is 614903 prime?
False
Is 26083 a prime number?
True
Is 53293 a composite number?
True
Is 2099 prime?
True
Is 586 composite?
True
Is 1188131 composite?
True
Is 356935 a prime number?
False
Is 7669 composite?
False
Is 59249 prime?
False
Is 24397 composite?
True
Is 1058861 prime?
True
Is 7747 a prime number?
False
Is 207619 prime?
True
Is 2777 a prime number?
True
Is 260031 a composite number?
True
Is 151237 a composite number?
False
Is 564761 a prime number?
True
Is 33701 prime?
False
Is 6707823 composite?
True
Is 781043 a prime number?
True
Is 13477 a composite number?
False
Is 65153 prime?
False
Is 79714 composite?
True
Is 865 a prime number?
False
Is 6029 a prime number?
True
Is 128789 prime?
False
Is 23687 prime?
True
Is 1775441 prime?
True
Is 157859 a composite number?
True
Is 26083 prime?
True
Is 2902 composite?
True
Is 71787 prime?
False
Is 86677 composite?
False
Is 3821 prime?
True
Is 747139 a prime number?
True
Is 1009 composite?
False
Is 7949 prime?
True
Is 1151 a composite number?
False
Is 633739 a prime number?
True
Is 1162493 composite?
False
Is 90499 a prime number?
True
Is 194431 composite?
False
Is 61169 composite?
False
Is 29903 prime?
False
Is 3831 prime?
False
Is 23951 composite?
True
Is 16843 prime?
True
Is 81805 a composite number?
True
Is 19517 prime?
False
Is 1056863 composite?
False
Is 45427 composite?
False
Is 181903 a prime number?
True
Is 256946 a prime number?
False
Is 10771 a prime number?
True
Is 258283 composite?
False
Is 2521141 a composite number?
True
Is 1423 a prime number?
True
Is 73939 composite?
False
Is 9901 prime?
True
Is 48673 a composite number?
False
Is 2444395 a composite number?
True
Is 1163 a composite number?
False
Is 27011 prime?
True
Is 1471 a prime number?
True
Is 1043 a prime number?
False
Is 17741 prime?
False
Is 40577 prime?
True
Is 315691 a prime number?
True
Is 43879 composite?
True
Is 1319 a prime number?
True
Is 7103 a prime number?
True
Is 7039 prime?
True
Is 70561 prime?
False
Is 3019 a prime number?
True
Is 201731 a composite number?
False
Is 11553 a prime number?
False
Is 76135 prime?
False
Is 161219 a composite number?
True
Is 884857 a prime number?
True
Is 266317 prime?
False
Is 15877 a prime number?
True
Is 246997 a composite number?
True
Is 35267 composite?
False
Is 3389 a prime number?
True
Is 251789 a composite number?
False
Is 5219 a composite number?
True
Is 14519 prime?
True
Is 41269 prime?
True
Is 114269 a composite number?
False
Is 12841 composite?
False
Is 2163227 a composite number?
True
Is 54461 a prime number?
False
Is 206879 composite?
False
Is 132413 prime?
False
Is 4181 composite?
True
Is 63295 composite?
True
Is 178753 a composite number?
False
Is 67823 prime?
False
Is 3095539 prime?
True
Is 124471 prime?
True
Is 140821 a composite number?
True
Is 28958 a prime number?
False
Is 33257 prime?
False
Is 143873 composite?
False
Is 11477 composite?
True
Is 111407 composite?
True
Is 147191 composite?
True
Is 10637 prime?
False
Is 839009 prime?
True
Is 1960529 a composite number?
False
Is 45817 prime?
True
Is 32909 a prime number?
True
Is 167611 composite?
False
Is 433489 prime?
False
Is 15427 a prime number?
True
Is 56193 a prime number?
False
Is 164127 composite?
True
Is 839 a prime number?
True
Is 3821 prime?
True
Is 512333 prime?
True
Is 11957 a composite number?
True
Is 212447 a prime number?
True
Is 174323 prime?
False
Is 28349 a prime number?
True
Is 787 composite?
False
Is 470181 a prime number?
False
Is 1150235 prime?
False
Is 44209 a composite number?
True
Is 364505 a composite number?
True
Is 10369 a composite number?
False
Is 219434 a composite number?
True
Is 215011 composite?
True
Is 16217 a composite number?
False
Is 1333537 a prime number?
True
Is 403861 composite?
False
Is 1718747 composite?
False
Is 16778 composite?
True
Is 10239 composite?
True
Is 2368007 composite?
True
Is 11105 a composite number?
True
Is 55745 a prime number?
False
Is 14617 prime?
False
Is 25507 prime?
False
Is 20869 prime?
False
Is 7177 a prime number?
True
Is 4561 a prime number?
True
Is 47567 a composite number?
True
Is 3449 a prime number?
True
Is 6383 a composite number?
True
Is 216803 a prime number?
True
Is 167347 a prime number?
False
Is 15461 a composite number?
False
Is 48847 a prime number?
True
Is 689551 a composite number?
False
Is 4590299 prime?
False
Is 193841 a composite number?
False
Is 18617 a composite number?
False
Is 103471 prime?
True
Is 90995 a composite number?
True
Is 27407 composite?
False
Is 141397 a composite number?
False
Is 303529 a prime number?
True
Is 100643 prime?
False
Is 42089 prime?
True
Is 89293 composite?
False
Is 320361 composite?
True
Is 2536057 a composite number?
False
Is 201622 a prime number?
False
Is 45497 a composite number?
False
Is 207061 a prime number?
True
Is 1018 prime?
False
Is 199571 a prime number?
False
Is 279923 a composite number?
True
Is 888257 composite?
False
Is 227131 a composite number?
False
Is 500861 a prime number?
True
Is 13669 prime?
True
Is 240623 a prime number?
True
Is 163535 composite?
True
Is 40771 composite?
False
Is 1654753 prime?
False
Is 288631 composite?
True
Is 955 a composite number?
True
Is 2559 prime?
False
Is 18201 composite?
True
Is 88729 a composite number?
False
Is 138311 a prime number?
True
Is 1200737 composite?
True
Is 2772983 composite?
True
Is 15917 composite?
True
Is 160781 a composite number?
False
Is 962539 prime?
False
Is 61513 a composite number?
True
Is 23899 prime?
True
Is 297841 a prime number?
True
Is 296917 a prime number?
False
Is 13777 a prime number?
False
Is 10213 a prime number?
False
Is 59759 composite?
True
Is 2237 composite?
False
Is 95701 prime?
True
Is 188731 composite?
True
Is 61861 a prime number?
True
Is 5357 composite?
True
Is 3251 a composite number?
False
Is 111997 a prime number?
True
Is 2095 a prime number?
False
Is 352879 a composite number?
True
Is 105979 a composite number?
True
Is 132697 prime?
True
Is 40961 a prime number?
True
Is 83357 a prime number?
True
Is 609901 a prime number?
False
Is 410083 composite?
True
Is 103141 a composite number?
False
Is 645871 prime?
False
Is 18227 a composite number?
True
Is 7037 composite?
True
Is 1711 a composite number?
True
Is 13799 composite?
False
Is 733573 prime?
False
Is 245506 prime?
False
Is 1405 prime?
False
Is 6377 a prime number?
False
Is 2669 composite?
True
Is 4547 a 